{"id":9971,"date":"2023-10-27T11:10:03","date_gmt":"2023-10-27T11:10:03","guid":{"rendered":"https:\/\/www.abanicoscarbonell.com\/abanico\/9193\/"},"modified":"2023-10-27T11:10:03","modified_gmt":"2023-10-27T11:10:03","slug":"9193","status":"publish","type":"product","link":"https:\/\/www.abanicoscarbonell.com\/en\/producto\/9193\/","title":{"rendered":"9193"},"content":{"rendered":"<p>&nbsp;<\/p>\n<p>Kotib\u00e9 wood fan, with hand-painted silk pais (fabric) by Paula Carbonell on the occasion of Valencia.<\/p>\n<p>All Paula Carbonell fans are made TO ORDER and once the purchase is made, the order can arrive between 2 and 30 days.<\/p>\n","protected":false},"excerpt":{"rendered":"<p>&nbsp; Kotib\u00e9 wood fan, with hand-painted silk pais (fabric) by Paula Carbonell on the occasion of Valencia. All Paula Carbonell fans are made TO ORDER and once the purchase is made, the order can arrive between 2 and 30 days.<\/p>\n","protected":false},"featured_media":9970,"template":"","meta":[],"product_brand":[],"product_cat":[118],"product_tag":[344,502,536,235,202],"class_list":{"0":"post-9971","1":"product","2":"type-product","3":"status-publish","4":"has-post-thumbnail","6":"product_cat-paula-carbonell-en","7":"product_tag-hand-painted-fan","8":"product_tag-kotibe-wood-handfan","9":"product_tag-paula-carbonells-fan","10":"product_tag-silk-handfan","11":"product_tag-spanish-handfan","13":"first","14":"onbackorder","15":"shipping-taxable","16":"purchasable","17":"product-type-simple"},"yoast_head":"<!-- This site is optimized with the Yoast SEO plugin v26.0 - https:\/\/yoast.com\/wordpress\/plugins\/seo\/ -->\n<title>9193 - Abanicos Carbonell<\/title>\n<meta name=\"robots\" content=\"index, follow, max-snippet:-1, max-image-preview:large, max-video-preview:-1\" \/>\n<link rel=\"canonical\" href=\"https:\/\/www.abanicoscarbonell.com\/en\/producto\/9193\/\" \/>\n<meta property=\"og:locale\" content=\"en_US\" \/>\n<meta property=\"og:type\" content=\"article\" \/>\n<meta property=\"og:title\" content=\"9193 - Abanicos Carbonell\" \/>\n<meta property=\"og:description\" content=\"&nbsp; Kotib\u00e9 wood fan, with hand-painted silk pais (fabric) by Paula Carbonell on the occasion of Valencia. All Paula Carbonell fans are made TO ORDER and once the purchase is made, the order can arrive between 2 and 30 days.\" \/>\n<meta property=\"og:url\" content=\"https:\/\/www.abanicoscarbonell.com\/en\/producto\/9193\/\" \/>\n<meta property=\"og:site_name\" content=\"Abanicos Carbonell\" \/>\n<meta property=\"article:publisher\" content=\"https:\/\/www.facebook.com\/abanicoscarbonell\/\" \/>\n<meta property=\"og:image\" content=\"https:\/\/www.abanicoscarbonell.com\/wp-content\/uploads\/2023\/10\/9193.jpg\" \/>\n\t<meta property=\"og:image:width\" content=\"600\" \/>\n\t<meta property=\"og:image:height\" content=\"450\" \/>\n\t<meta property=\"og:image:type\" content=\"image\/jpeg\" \/>\n<meta name=\"twitter:card\" content=\"summary_large_image\" \/>\n<meta name=\"twitter:site\" content=\"@HandfanCarbonel\" \/>\n<script type=\"application\/ld+json\" class=\"yoast-schema-graph\">{\"@context\":\"https:\/\/schema.org\",\"@graph\":[{\"@type\":\"WebPage\",\"@id\":\"https:\/\/www.abanicoscarbonell.com\/en\/producto\/9193\/\",\"url\":\"https:\/\/www.abanicoscarbonell.com\/en\/producto\/9193\/\",\"name\":\"9193 - Abanicos Carbonell\",\"isPartOf\":{\"@id\":\"https:\/\/www.abanicoscarbonell.com\/en\/#website\"},\"primaryImageOfPage\":{\"@id\":\"https:\/\/www.abanicoscarbonell.com\/en\/producto\/9193\/#primaryimage\"},\"image\":{\"@id\":\"https:\/\/www.abanicoscarbonell.com\/en\/producto\/9193\/#primaryimage\"},\"thumbnailUrl\":\"https:\/\/www.abanicoscarbonell.com\/wp-content\/uploads\/2023\/10\/9193.jpg\",\"datePublished\":\"2023-10-27T11:10:03+00:00\",\"breadcrumb\":{\"@id\":\"https:\/\/www.abanicoscarbonell.com\/en\/producto\/9193\/#breadcrumb\"},\"inLanguage\":\"en-US\",\"potentialAction\":[{\"@type\":\"ReadAction\",\"target\":[\"https:\/\/www.abanicoscarbonell.com\/en\/producto\/9193\/\"]}]},{\"@type\":\"ImageObject\",\"inLanguage\":\"en-US\",\"@id\":\"https:\/\/www.abanicoscarbonell.com\/en\/producto\/9193\/#primaryimage\",\"url\":\"https:\/\/www.abanicoscarbonell.com\/wp-content\/uploads\/2023\/10\/9193.jpg\",\"contentUrl\":\"https:\/\/www.abanicoscarbonell.com\/wp-content\/uploads\/2023\/10\/9193.jpg\",\"width\":600,\"height\":450,\"caption\":\"9193\"},{\"@type\":\"BreadcrumbList\",\"@id\":\"https:\/\/www.abanicoscarbonell.com\/en\/producto\/9193\/#breadcrumb\",\"itemListElement\":[{\"@type\":\"ListItem\",\"position\":1,\"name\":\"Portada\",\"item\":\"https:\/\/www.abanicoscarbonell.com\/en\/\"},{\"@type\":\"ListItem\",\"position\":2,\"name\":\"Shop\",\"item\":\"https:\/\/www.abanicoscarbonell.com\/en\/shop\/\"},{\"@type\":\"ListItem\",\"position\":3,\"name\":\"9193\"}]},{\"@type\":\"WebSite\",\"@id\":\"https:\/\/www.abanicoscarbonell.com\/en\/#website\",\"url\":\"https:\/\/www.abanicoscarbonell.com\/en\/\",\"name\":\"Abanicos Carbonell\",\"description\":\"F\u00e1brica Espa\u00f1ola de Abanicos con m\u00e1s de 200 a\u00f1os de historia\",\"publisher\":{\"@id\":\"https:\/\/www.abanicoscarbonell.com\/en\/#organization\"},\"potentialAction\":[{\"@type\":\"SearchAction\",\"target\":{\"@type\":\"EntryPoint\",\"urlTemplate\":\"https:\/\/www.abanicoscarbonell.com\/en\/?s={search_term_string}\"},\"query-input\":{\"@type\":\"PropertyValueSpecification\",\"valueRequired\":true,\"valueName\":\"search_term_string\"}}],\"inLanguage\":\"en-US\"},{\"@type\":\"Organization\",\"@id\":\"https:\/\/www.abanicoscarbonell.com\/en\/#organization\",\"name\":\"Abanicos Carbonell\",\"url\":\"https:\/\/www.abanicoscarbonell.com\/en\/\",\"logo\":{\"@type\":\"ImageObject\",\"inLanguage\":\"en-US\",\"@id\":\"https:\/\/www.abanicoscarbonell.com\/en\/#\/schema\/logo\/image\/\",\"url\":\"https:\/\/www.abanicoscarbonell.com\/wp-content\/uploads\/2018\/06\/logo-web-1.png\",\"contentUrl\":\"https:\/\/www.abanicoscarbonell.com\/wp-content\/uploads\/2018\/06\/logo-web-1.png\",\"width\":156,\"height\":126,\"caption\":\"Abanicos Carbonell\"},\"image\":{\"@id\":\"https:\/\/www.abanicoscarbonell.com\/en\/#\/schema\/logo\/image\/\"},\"sameAs\":[\"https:\/\/www.facebook.com\/abanicoscarbonell\/\",\"https:\/\/x.com\/HandfanCarbonel\",\"https:\/\/www.instagram.com\/abanicos_carbonell\/\",\"https:\/\/www.pinterest.es\/abanicarbonell\/\"]}]}<\/script>\n<!-- \/ Yoast SEO plugin. -->","yoast_head_json":{"title":"9193 - Abanicos Carbonell","robots":{"index":"index","follow":"follow","max-snippet":"max-snippet:-1","max-image-preview":"max-image-preview:large","max-video-preview":"max-video-preview:-1"},"canonical":"https:\/\/www.abanicoscarbonell.com\/en\/producto\/9193\/","og_locale":"en_US","og_type":"article","og_title":"9193 - Abanicos Carbonell","og_description":"&nbsp; Kotib\u00e9 wood fan, with hand-painted silk pais (fabric) by Paula Carbonell on the occasion of Valencia. All Paula Carbonell fans are made TO ORDER and once the purchase is made, the order can arrive between 2 and 30 days.","og_url":"https:\/\/www.abanicoscarbonell.com\/en\/producto\/9193\/","og_site_name":"Abanicos Carbonell","article_publisher":"https:\/\/www.facebook.com\/abanicoscarbonell\/","og_image":[{"width":600,"height":450,"url":"https:\/\/www.abanicoscarbonell.com\/wp-content\/uploads\/2023\/10\/9193.jpg","type":"image\/jpeg"}],"twitter_card":"summary_large_image","twitter_site":"@HandfanCarbonel","schema":{"@context":"https:\/\/schema.org","@graph":[{"@type":"WebPage","@id":"https:\/\/www.abanicoscarbonell.com\/en\/producto\/9193\/","url":"https:\/\/www.abanicoscarbonell.com\/en\/producto\/9193\/","name":"9193 - Abanicos Carbonell","isPartOf":{"@id":"https:\/\/www.abanicoscarbonell.com\/en\/#website"},"primaryImageOfPage":{"@id":"https:\/\/www.abanicoscarbonell.com\/en\/producto\/9193\/#primaryimage"},"image":{"@id":"https:\/\/www.abanicoscarbonell.com\/en\/producto\/9193\/#primaryimage"},"thumbnailUrl":"https:\/\/www.abanicoscarbonell.com\/wp-content\/uploads\/2023\/10\/9193.jpg","datePublished":"2023-10-27T11:10:03+00:00","breadcrumb":{"@id":"https:\/\/www.abanicoscarbonell.com\/en\/producto\/9193\/#breadcrumb"},"inLanguage":"en-US","potentialAction":[{"@type":"ReadAction","target":["https:\/\/www.abanicoscarbonell.com\/en\/producto\/9193\/"]}]},{"@type":"ImageObject","inLanguage":"en-US","@id":"https:\/\/www.abanicoscarbonell.com\/en\/producto\/9193\/#primaryimage","url":"https:\/\/www.abanicoscarbonell.com\/wp-content\/uploads\/2023\/10\/9193.jpg","contentUrl":"https:\/\/www.abanicoscarbonell.com\/wp-content\/uploads\/2023\/10\/9193.jpg","width":600,"height":450,"caption":"9193"},{"@type":"BreadcrumbList","@id":"https:\/\/www.abanicoscarbonell.com\/en\/producto\/9193\/#breadcrumb","itemListElement":[{"@type":"ListItem","position":1,"name":"Portada","item":"https:\/\/www.abanicoscarbonell.com\/en\/"},{"@type":"ListItem","position":2,"name":"Shop","item":"https:\/\/www.abanicoscarbonell.com\/en\/shop\/"},{"@type":"ListItem","position":3,"name":"9193"}]},{"@type":"WebSite","@id":"https:\/\/www.abanicoscarbonell.com\/en\/#website","url":"https:\/\/www.abanicoscarbonell.com\/en\/","name":"Abanicos Carbonell","description":"F\u00e1brica Espa\u00f1ola de Abanicos con m\u00e1s de 200 a\u00f1os de historia","publisher":{"@id":"https:\/\/www.abanicoscarbonell.com\/en\/#organization"},"potentialAction":[{"@type":"SearchAction","target":{"@type":"EntryPoint","urlTemplate":"https:\/\/www.abanicoscarbonell.com\/en\/?s={search_term_string}"},"query-input":{"@type":"PropertyValueSpecification","valueRequired":true,"valueName":"search_term_string"}}],"inLanguage":"en-US"},{"@type":"Organization","@id":"https:\/\/www.abanicoscarbonell.com\/en\/#organization","name":"Abanicos Carbonell","url":"https:\/\/www.abanicoscarbonell.com\/en\/","logo":{"@type":"ImageObject","inLanguage":"en-US","@id":"https:\/\/www.abanicoscarbonell.com\/en\/#\/schema\/logo\/image\/","url":"https:\/\/www.abanicoscarbonell.com\/wp-content\/uploads\/2018\/06\/logo-web-1.png","contentUrl":"https:\/\/www.abanicoscarbonell.com\/wp-content\/uploads\/2018\/06\/logo-web-1.png","width":156,"height":126,"caption":"Abanicos Carbonell"},"image":{"@id":"https:\/\/www.abanicoscarbonell.com\/en\/#\/schema\/logo\/image\/"},"sameAs":["https:\/\/www.facebook.com\/abanicoscarbonell\/","https:\/\/x.com\/HandfanCarbonel","https:\/\/www.instagram.com\/abanicos_carbonell\/","https:\/\/www.pinterest.es\/abanicarbonell\/"]}]}},"_links":{"self":[{"href":"https:\/\/www.abanicoscarbonell.com\/en\/wp-json\/wp\/v2\/product\/9971","targetHints":{"allow":["GET"]}}],"collection":[{"href":"https:\/\/www.abanicoscarbonell.com\/en\/wp-json\/wp\/v2\/product"}],"about":[{"href":"https:\/\/www.abanicoscarbonell.com\/en\/wp-json\/wp\/v2\/types\/product"}],"wp:featuredmedia":[{"embeddable":true,"href":"https:\/\/www.abanicoscarbonell.com\/en\/wp-json\/wp\/v2\/media\/9970"}],"wp:attachment":[{"href":"https:\/\/www.abanicoscarbonell.com\/en\/wp-json\/wp\/v2\/media?parent=9971"}],"wp:term":[{"taxonomy":"product_brand","embeddable":true,"href":"https:\/\/www.abanicoscarbonell.com\/en\/wp-json\/wp\/v2\/product_brand?post=9971"},{"taxonomy":"product_cat","embeddable":true,"href":"https:\/\/www.abanicoscarbonell.com\/en\/wp-json\/wp\/v2\/product_cat?post=9971"},{"taxonomy":"product_tag","embeddable":true,"href":"https:\/\/www.abanicoscarbonell.com\/en\/wp-json\/wp\/v2\/product_tag?post=9971"}],"curies":[{"name":"wp","href":"https:\/\/api.w.org\/{rel}","templated":true}]}}

<p>&nbsp;</p>
<p>Kotibé wood fan, with hand-painted silk pais (fabric) by Paula Carbonell on the occasion of Valencia.</p>
<p>All Paula Carbonell fans are made TO ORDER and once the purchase is made, the order can arrive between 2 and 30 days.</p>

<p>&nbsp; Kotibé wood fan, with hand-painted silk pais (fabric) by Paula Carbonell on the occasion of Valencia. All Paula Carbonell fans are made TO ORDER and once the purchase is made, the order can arrive between 2 and 30 days.</p>

<!-- This site is optimized with the Yoast SEO plugin v26.0 - https://yoast.com/wordpress/plugins/seo/ -->
<title>9193 - Abanicos Carbonell</title>
<meta name="robots" content="index, follow, max-snippet:-1, max-image-preview:large, max-video-preview:-1" />
<link rel="canonical" href="https://www.abanicoscarbonell.com/en/producto/9193/" />
<meta property="og:locale" content="en_US" />
<meta property="og:type" content="article" />
<meta property="og:title" content="9193 - Abanicos Carbonell" />
<meta property="og:description" content="&nbsp; Kotibé wood fan, with hand-painted silk pais (fabric) by Paula Carbonell on the occasion of Valencia. All Paula Carbonell fans are made TO ORDER and once the purchase is made, the order can arrive between 2 and 30 days." />
<meta property="og:url" content="https://www.abanicoscarbonell.com/en/producto/9193/" />
<meta property="og:site_name" content="Abanicos Carbonell" />
<meta property="article:publisher" content="https://www.facebook.com/abanicoscarbonell/" />
<meta property="og:image" content="https://www.abanicoscarbonell.com/wp-content/uploads/2023/10/9193.jpg" />
	<meta property="og:image:width" content="600" />
	<meta property="og:image:height" content="450" />
	<meta property="og:image:type" content="image/jpeg" />
<meta name="twitter:card" content="summary_large_image" />
<meta name="twitter:site" content="@HandfanCarbonel" />
<script type="application/ld+json" class="yoast-schema-graph">{"@context":"https://schema.org","@graph":[{"@type":"WebPage","@id":"https://www.abanicoscarbonell.com/en/producto/9193/","url":"https://www.abanicoscarbonell.com/en/producto/9193/","name":"9193 - Abanicos Carbonell","isPartOf":{"@id":"https://www.abanicoscarbonell.com/en/#website"},"primaryImageOfPage":{"@id":"https://www.abanicoscarbonell.com/en/producto/9193/#primaryimage"},"image":{"@id":"https://www.abanicoscarbonell.com/en/producto/9193/#primaryimage"},"thumbnailUrl":"https://www.abanicoscarbonell.com/wp-content/uploads/2023/10/9193.jpg","datePublished":"2023-10-27T11:10:03+00:00","breadcrumb":{"@id":"https://www.abanicoscarbonell.com/en/producto/9193/#breadcrumb"},"inLanguage":"en-US","potentialAction":[{"@type":"ReadAction","target":["https://www.abanicoscarbonell.com/en/producto/9193/"]}]},{"@type":"ImageObject","inLanguage":"en-US","@id":"https://www.abanicoscarbonell.com/en/producto/9193/#primaryimage","url":"https://www.abanicoscarbonell.com/wp-content/uploads/2023/10/9193.jpg","contentUrl":"https://www.abanicoscarbonell.com/wp-content/uploads/2023/10/9193.jpg","width":600,"height":450,"caption":"9193"},{"@type":"BreadcrumbList","@id":"https://www.abanicoscarbonell.com/en/producto/9193/#breadcrumb","itemListElement":[{"@type":"ListItem","position":1,"name":"Portada","item":"https://www.abanicoscarbonell.com/en/"},{"@type":"ListItem","position":2,"name":"Shop","item":"https://www.abanicoscarbonell.com/en/shop/"},{"@type":"ListItem","position":3,"name":"9193"}]},{"@type":"WebSite","@id":"https://www.abanicoscarbonell.com/en/#website","url":"https://www.abanicoscarbonell.com/en/","name":"Abanicos Carbonell","description":"Fábrica Española de Abanicos con más de 200 años de historia","publisher":{"@id":"https://www.abanicoscarbonell.com/en/#organization"},"potentialAction":[{"@type":"SearchAction","target":{"@type":"EntryPoint","urlTemplate":"https://www.abanicoscarbonell.com/en/?s={search_term_string}"},"query-input":{"@type":"PropertyValueSpecification","valueRequired":true,"valueName":"search_term_string"}}],"inLanguage":"en-US"},{"@type":"Organization","@id":"https://www.abanicoscarbonell.com/en/#organization","name":"Abanicos Carbonell","url":"https://www.abanicoscarbonell.com/en/","logo":{"@type":"ImageObject","inLanguage":"en-US","@id":"https://www.abanicoscarbonell.com/en/#/schema/logo/image/","url":"https://www.abanicoscarbonell.com/wp-content/uploads/2018/06/logo-web-1.png","contentUrl":"https://www.abanicoscarbonell.com/wp-content/uploads/2018/06/logo-web-1.png","width":156,"height":126,"caption":"Abanicos Carbonell"},"image":{"@id":"https://www.abanicoscarbonell.com/en/#/schema/logo/image/"},"sameAs":["https://www.facebook.com/abanicoscarbonell/","https://x.com/HandfanCarbonel","https://www.instagram.com/abanicos_carbonell/","https://www.pinterest.es/abanicarbonell/"]}]}</script>
<!-- / Yoast SEO plugin. -->

&nbsp; Kotibé wood fan, with hand-painted silk pais (fabric) by Paula Carbonell on the occasion of Valencia. All Paula Carbonell fans are made TO ORDER and once the purchase is made, the order can arrive between 2 and 30 days.

Fábrica Española de Abanicos con más de 200 años de historia
