{"id":3308,"date":"2018-07-06T15:40:12","date_gmt":"2018-07-06T15:40:12","guid":{"rendered":"https:\/\/abanicoscarbonell.com\/abanico\/pu0001\/"},"modified":"2018-10-31T13:03:36","modified_gmt":"2018-10-31T13:03:36","slug":"pu0001","status":"publish","type":"product","link":"https:\/\/www.abanicoscarbonell.com\/en\/producto\/pu0001\/","title":{"rendered":"PU0001"},"content":{"rendered":"<p>Handfan with linkage of French origin of the S. XIX composed of pearl (mother pearl) brown color.<br \/>\nMounted with cotton cloth (country) from the mid 20th century. Painted by M. Esteve (Vicente Martinez Esteve lived in Burjasot (Valencia) where he died approximately in 1985. Son of Esteve master of fan painters, whose paintings created a style well defined and recognized by the whole world).<br \/>\nIt represents a dark country scene, with an impressionistic style typical of this saga of painters. The reverse side of the fan has a painting that matches the obverse.<br \/>\nThe border of the fabric is from the late 20th century and is made by Gabarda. Measures 45.5 x 24.5 cm.<\/p>\n","protected":false},"excerpt":{"rendered":"<p>Handfan with linkage of French origin of the S. XIX composed of pearl (mother pearl) brown color. Mounted with cotton cloth (country) from the mid 20th century. Painted by M. Esteve (Vicente Martinez Esteve lived in Burjasot (Valencia) where he died approximately in 1985. Son of Esteve master of fan painters, whose paintings created a&#8230; <a class=\"read-more p-color\" rel=\"bookmark\" title=\"PU0001\" href=\"https:\/\/www.abanicoscarbonell.com\/en\/producto\/pu0001\/\">View more<\/a><\/p>\n","protected":false},"featured_media":6495,"template":"","meta":[],"product_brand":[],"product_cat":[117],"product_tag":[180,182,190,192],"class_list":{"0":"post-3308","1":"product","2":"type-product","3":"status-publish","4":"has-post-thumbnail","6":"product_cat-historical","7":"product_tag-historical-handfan","8":"product_tag-mother-of-pearl-handfan","9":"product_tag-sxix-handfan","10":"product_tag-sxx-handfan","12":"first","13":"instock","14":"shipping-taxable","15":"purchasable","16":"product-type-simple"},"yoast_head":"<!-- This site is optimized with the Yoast SEO plugin v26.0 - https:\/\/yoast.com\/wordpress\/plugins\/seo\/ -->\n<title>PU0001 - Abanicos Carbonell<\/title>\n<meta name=\"robots\" content=\"index, follow, max-snippet:-1, max-image-preview:large, max-video-preview:-1\" \/>\n<link rel=\"canonical\" href=\"https:\/\/www.abanicoscarbonell.com\/en\/producto\/pu0001\/\" \/>\n<meta property=\"og:locale\" content=\"en_US\" \/>\n<meta property=\"og:type\" content=\"article\" \/>\n<meta property=\"og:title\" content=\"PU0001 - Abanicos Carbonell\" \/>\n<meta property=\"og:description\" content=\"Handfan with linkage of French origin of the S. XIX composed of pearl (mother pearl) brown color. Mounted with cotton cloth (country) from the mid 20th century. Painted by M. Esteve (Vicente Martinez Esteve lived in Burjasot (Valencia) where he died approximately in 1985. Son of Esteve master of fan painters, whose paintings created a... View more\" \/>\n<meta property=\"og:url\" content=\"https:\/\/www.abanicoscarbonell.com\/en\/producto\/pu0001\/\" \/>\n<meta property=\"og:site_name\" content=\"Abanicos Carbonell\" \/>\n<meta property=\"article:publisher\" content=\"https:\/\/www.facebook.com\/abanicoscarbonell\/\" \/>\n<meta property=\"article:modified_time\" content=\"2018-10-31T13:03:36+00:00\" \/>\n<meta property=\"og:image\" content=\"https:\/\/www.abanicoscarbonell.com\/wp-content\/uploads\/2018\/07\/PU0001.jpg\" \/>\n\t<meta property=\"og:image:width\" content=\"600\" \/>\n\t<meta property=\"og:image:height\" content=\"450\" \/>\n\t<meta property=\"og:image:type\" content=\"image\/jpeg\" \/>\n<meta name=\"twitter:card\" content=\"summary_large_image\" \/>\n<meta name=\"twitter:site\" content=\"@HandfanCarbonel\" \/>\n<meta name=\"twitter:label1\" content=\"Est. reading time\" \/>\n\t<meta name=\"twitter:data1\" content=\"1 minute\" \/>\n<script type=\"application\/ld+json\" class=\"yoast-schema-graph\">{\"@context\":\"https:\/\/schema.org\",\"@graph\":[{\"@type\":\"WebPage\",\"@id\":\"https:\/\/www.abanicoscarbonell.com\/en\/producto\/pu0001\/\",\"url\":\"https:\/\/www.abanicoscarbonell.com\/en\/producto\/pu0001\/\",\"name\":\"PU0001 - Abanicos Carbonell\",\"isPartOf\":{\"@id\":\"https:\/\/www.abanicoscarbonell.com\/en\/#website\"},\"primaryImageOfPage\":{\"@id\":\"https:\/\/www.abanicoscarbonell.com\/en\/producto\/pu0001\/#primaryimage\"},\"image\":{\"@id\":\"https:\/\/www.abanicoscarbonell.com\/en\/producto\/pu0001\/#primaryimage\"},\"thumbnailUrl\":\"https:\/\/www.abanicoscarbonell.com\/wp-content\/uploads\/2018\/07\/PU0001.jpg\",\"datePublished\":\"2018-07-06T15:40:12+00:00\",\"dateModified\":\"2018-10-31T13:03:36+00:00\",\"breadcrumb\":{\"@id\":\"https:\/\/www.abanicoscarbonell.com\/en\/producto\/pu0001\/#breadcrumb\"},\"inLanguage\":\"en-US\",\"potentialAction\":[{\"@type\":\"ReadAction\",\"target\":[\"https:\/\/www.abanicoscarbonell.com\/en\/producto\/pu0001\/\"]}]},{\"@type\":\"ImageObject\",\"inLanguage\":\"en-US\",\"@id\":\"https:\/\/www.abanicoscarbonell.com\/en\/producto\/pu0001\/#primaryimage\",\"url\":\"https:\/\/www.abanicoscarbonell.com\/wp-content\/uploads\/2018\/07\/PU0001.jpg\",\"contentUrl\":\"https:\/\/www.abanicoscarbonell.com\/wp-content\/uploads\/2018\/07\/PU0001.jpg\",\"width\":600,\"height\":450,\"caption\":\"PU0001\"},{\"@type\":\"BreadcrumbList\",\"@id\":\"https:\/\/www.abanicoscarbonell.com\/en\/producto\/pu0001\/#breadcrumb\",\"itemListElement\":[{\"@type\":\"ListItem\",\"position\":1,\"name\":\"Portada\",\"item\":\"https:\/\/www.abanicoscarbonell.com\/en\/\"},{\"@type\":\"ListItem\",\"position\":2,\"name\":\"Shop\",\"item\":\"https:\/\/www.abanicoscarbonell.com\/en\/shop\/\"},{\"@type\":\"ListItem\",\"position\":3,\"name\":\"PU0001\"}]},{\"@type\":\"WebSite\",\"@id\":\"https:\/\/www.abanicoscarbonell.com\/en\/#website\",\"url\":\"https:\/\/www.abanicoscarbonell.com\/en\/\",\"name\":\"Abanicos Carbonell\",\"description\":\"F\u00e1brica Espa\u00f1ola de Abanicos con m\u00e1s de 200 a\u00f1os de historia\",\"publisher\":{\"@id\":\"https:\/\/www.abanicoscarbonell.com\/en\/#organization\"},\"potentialAction\":[{\"@type\":\"SearchAction\",\"target\":{\"@type\":\"EntryPoint\",\"urlTemplate\":\"https:\/\/www.abanicoscarbonell.com\/en\/?s={search_term_string}\"},\"query-input\":{\"@type\":\"PropertyValueSpecification\",\"valueRequired\":true,\"valueName\":\"search_term_string\"}}],\"inLanguage\":\"en-US\"},{\"@type\":\"Organization\",\"@id\":\"https:\/\/www.abanicoscarbonell.com\/en\/#organization\",\"name\":\"Abanicos Carbonell\",\"url\":\"https:\/\/www.abanicoscarbonell.com\/en\/\",\"logo\":{\"@type\":\"ImageObject\",\"inLanguage\":\"en-US\",\"@id\":\"https:\/\/www.abanicoscarbonell.com\/en\/#\/schema\/logo\/image\/\",\"url\":\"https:\/\/www.abanicoscarbonell.com\/wp-content\/uploads\/2018\/06\/logo-web-1.png\",\"contentUrl\":\"https:\/\/www.abanicoscarbonell.com\/wp-content\/uploads\/2018\/06\/logo-web-1.png\",\"width\":156,\"height\":126,\"caption\":\"Abanicos Carbonell\"},\"image\":{\"@id\":\"https:\/\/www.abanicoscarbonell.com\/en\/#\/schema\/logo\/image\/\"},\"sameAs\":[\"https:\/\/www.facebook.com\/abanicoscarbonell\/\",\"https:\/\/x.com\/HandfanCarbonel\",\"https:\/\/www.instagram.com\/abanicos_carbonell\/\",\"https:\/\/www.pinterest.es\/abanicarbonell\/\"]}]}<\/script>\n<!-- \/ Yoast SEO plugin. -->","yoast_head_json":{"title":"PU0001 - Abanicos Carbonell","robots":{"index":"index","follow":"follow","max-snippet":"max-snippet:-1","max-image-preview":"max-image-preview:large","max-video-preview":"max-video-preview:-1"},"canonical":"https:\/\/www.abanicoscarbonell.com\/en\/producto\/pu0001\/","og_locale":"en_US","og_type":"article","og_title":"PU0001 - Abanicos Carbonell","og_description":"Handfan with linkage of French origin of the S. XIX composed of pearl (mother pearl) brown color. Mounted with cotton cloth (country) from the mid 20th century. Painted by M. Esteve (Vicente Martinez Esteve lived in Burjasot (Valencia) where he died approximately in 1985. Son of Esteve master of fan painters, whose paintings created a... View more","og_url":"https:\/\/www.abanicoscarbonell.com\/en\/producto\/pu0001\/","og_site_name":"Abanicos Carbonell","article_publisher":"https:\/\/www.facebook.com\/abanicoscarbonell\/","article_modified_time":"2018-10-31T13:03:36+00:00","og_image":[{"width":600,"height":450,"url":"https:\/\/www.abanicoscarbonell.com\/wp-content\/uploads\/2018\/07\/PU0001.jpg","type":"image\/jpeg"}],"twitter_card":"summary_large_image","twitter_site":"@HandfanCarbonel","twitter_misc":{"Est. reading time":"1 minute"},"schema":{"@context":"https:\/\/schema.org","@graph":[{"@type":"WebPage","@id":"https:\/\/www.abanicoscarbonell.com\/en\/producto\/pu0001\/","url":"https:\/\/www.abanicoscarbonell.com\/en\/producto\/pu0001\/","name":"PU0001 - Abanicos Carbonell","isPartOf":{"@id":"https:\/\/www.abanicoscarbonell.com\/en\/#website"},"primaryImageOfPage":{"@id":"https:\/\/www.abanicoscarbonell.com\/en\/producto\/pu0001\/#primaryimage"},"image":{"@id":"https:\/\/www.abanicoscarbonell.com\/en\/producto\/pu0001\/#primaryimage"},"thumbnailUrl":"https:\/\/www.abanicoscarbonell.com\/wp-content\/uploads\/2018\/07\/PU0001.jpg","datePublished":"2018-07-06T15:40:12+00:00","dateModified":"2018-10-31T13:03:36+00:00","breadcrumb":{"@id":"https:\/\/www.abanicoscarbonell.com\/en\/producto\/pu0001\/#breadcrumb"},"inLanguage":"en-US","potentialAction":[{"@type":"ReadAction","target":["https:\/\/www.abanicoscarbonell.com\/en\/producto\/pu0001\/"]}]},{"@type":"ImageObject","inLanguage":"en-US","@id":"https:\/\/www.abanicoscarbonell.com\/en\/producto\/pu0001\/#primaryimage","url":"https:\/\/www.abanicoscarbonell.com\/wp-content\/uploads\/2018\/07\/PU0001.jpg","contentUrl":"https:\/\/www.abanicoscarbonell.com\/wp-content\/uploads\/2018\/07\/PU0001.jpg","width":600,"height":450,"caption":"PU0001"},{"@type":"BreadcrumbList","@id":"https:\/\/www.abanicoscarbonell.com\/en\/producto\/pu0001\/#breadcrumb","itemListElement":[{"@type":"ListItem","position":1,"name":"Portada","item":"https:\/\/www.abanicoscarbonell.com\/en\/"},{"@type":"ListItem","position":2,"name":"Shop","item":"https:\/\/www.abanicoscarbonell.com\/en\/shop\/"},{"@type":"ListItem","position":3,"name":"PU0001"}]},{"@type":"WebSite","@id":"https:\/\/www.abanicoscarbonell.com\/en\/#website","url":"https:\/\/www.abanicoscarbonell.com\/en\/","name":"Abanicos Carbonell","description":"F\u00e1brica Espa\u00f1ola de Abanicos con m\u00e1s de 200 a\u00f1os de historia","publisher":{"@id":"https:\/\/www.abanicoscarbonell.com\/en\/#organization"},"potentialAction":[{"@type":"SearchAction","target":{"@type":"EntryPoint","urlTemplate":"https:\/\/www.abanicoscarbonell.com\/en\/?s={search_term_string}"},"query-input":{"@type":"PropertyValueSpecification","valueRequired":true,"valueName":"search_term_string"}}],"inLanguage":"en-US"},{"@type":"Organization","@id":"https:\/\/www.abanicoscarbonell.com\/en\/#organization","name":"Abanicos Carbonell","url":"https:\/\/www.abanicoscarbonell.com\/en\/","logo":{"@type":"ImageObject","inLanguage":"en-US","@id":"https:\/\/www.abanicoscarbonell.com\/en\/#\/schema\/logo\/image\/","url":"https:\/\/www.abanicoscarbonell.com\/wp-content\/uploads\/2018\/06\/logo-web-1.png","contentUrl":"https:\/\/www.abanicoscarbonell.com\/wp-content\/uploads\/2018\/06\/logo-web-1.png","width":156,"height":126,"caption":"Abanicos Carbonell"},"image":{"@id":"https:\/\/www.abanicoscarbonell.com\/en\/#\/schema\/logo\/image\/"},"sameAs":["https:\/\/www.facebook.com\/abanicoscarbonell\/","https:\/\/x.com\/HandfanCarbonel","https:\/\/www.instagram.com\/abanicos_carbonell\/","https:\/\/www.pinterest.es\/abanicarbonell\/"]}]}},"_links":{"self":[{"href":"https:\/\/www.abanicoscarbonell.com\/en\/wp-json\/wp\/v2\/product\/3308","targetHints":{"allow":["GET"]}}],"collection":[{"href":"https:\/\/www.abanicoscarbonell.com\/en\/wp-json\/wp\/v2\/product"}],"about":[{"href":"https:\/\/www.abanicoscarbonell.com\/en\/wp-json\/wp\/v2\/types\/product"}],"wp:featuredmedia":[{"embeddable":true,"href":"https:\/\/www.abanicoscarbonell.com\/en\/wp-json\/wp\/v2\/media\/6495"}],"wp:attachment":[{"href":"https:\/\/www.abanicoscarbonell.com\/en\/wp-json\/wp\/v2\/media?parent=3308"}],"wp:term":[{"taxonomy":"product_brand","embeddable":true,"href":"https:\/\/www.abanicoscarbonell.com\/en\/wp-json\/wp\/v2\/product_brand?post=3308"},{"taxonomy":"product_cat","embeddable":true,"href":"https:\/\/www.abanicoscarbonell.com\/en\/wp-json\/wp\/v2\/product_cat?post=3308"},{"taxonomy":"product_tag","embeddable":true,"href":"https:\/\/www.abanicoscarbonell.com\/en\/wp-json\/wp\/v2\/product_tag?post=3308"}],"curies":[{"name":"wp","href":"https:\/\/api.w.org\/{rel}","templated":true}]}}

<!-- This site is optimized with the Yoast SEO plugin v26.0 - https://yoast.com/wordpress/plugins/seo/ -->
<title>PU0001 - Abanicos Carbonell</title>
<meta name="robots" content="index, follow, max-snippet:-1, max-image-preview:large, max-video-preview:-1" />
<link rel="canonical" href="https://www.abanicoscarbonell.com/en/producto/pu0001/" />
<meta property="og:locale" content="en_US" />
<meta property="og:type" content="article" />
<meta property="og:title" content="PU0001 - Abanicos Carbonell" />
<meta property="og:description" content="Handfan with linkage of French origin of the S. XIX composed of pearl (mother pearl) brown color. Mounted with cotton cloth (country) from the mid 20th century. Painted by M. Esteve (Vicente Martinez Esteve lived in Burjasot (Valencia) where he died approximately in 1985. Son of Esteve master of fan painters, whose paintings created a... View more" />
<meta property="og:url" content="https://www.abanicoscarbonell.com/en/producto/pu0001/" />
<meta property="og:site_name" content="Abanicos Carbonell" />
<meta property="article:publisher" content="https://www.facebook.com/abanicoscarbonell/" />
<meta property="article:modified_time" content="2018-10-31T13:03:36+00:00" />
<meta property="og:image" content="https://www.abanicoscarbonell.com/wp-content/uploads/2018/07/PU0001.jpg" />
	<meta property="og:image:width" content="600" />
	<meta property="og:image:height" content="450" />
	<meta property="og:image:type" content="image/jpeg" />
<meta name="twitter:card" content="summary_large_image" />
<meta name="twitter:site" content="@HandfanCarbonel" />
<meta name="twitter:label1" content="Est. reading time" />
	<meta name="twitter:data1" content="1 minute" />
<script type="application/ld+json" class="yoast-schema-graph">{"@context":"https://schema.org","@graph":[{"@type":"WebPage","@id":"https://www.abanicoscarbonell.com/en/producto/pu0001/","url":"https://www.abanicoscarbonell.com/en/producto/pu0001/","name":"PU0001 - Abanicos Carbonell","isPartOf":{"@id":"https://www.abanicoscarbonell.com/en/#website"},"primaryImageOfPage":{"@id":"https://www.abanicoscarbonell.com/en/producto/pu0001/#primaryimage"},"image":{"@id":"https://www.abanicoscarbonell.com/en/producto/pu0001/#primaryimage"},"thumbnailUrl":"https://www.abanicoscarbonell.com/wp-content/uploads/2018/07/PU0001.jpg","datePublished":"2018-07-06T15:40:12+00:00","dateModified":"2018-10-31T13:03:36+00:00","breadcrumb":{"@id":"https://www.abanicoscarbonell.com/en/producto/pu0001/#breadcrumb"},"inLanguage":"en-US","potentialAction":[{"@type":"ReadAction","target":["https://www.abanicoscarbonell.com/en/producto/pu0001/"]}]},{"@type":"ImageObject","inLanguage":"en-US","@id":"https://www.abanicoscarbonell.com/en/producto/pu0001/#primaryimage","url":"https://www.abanicoscarbonell.com/wp-content/uploads/2018/07/PU0001.jpg","contentUrl":"https://www.abanicoscarbonell.com/wp-content/uploads/2018/07/PU0001.jpg","width":600,"height":450,"caption":"PU0001"},{"@type":"BreadcrumbList","@id":"https://www.abanicoscarbonell.com/en/producto/pu0001/#breadcrumb","itemListElement":[{"@type":"ListItem","position":1,"name":"Portada","item":"https://www.abanicoscarbonell.com/en/"},{"@type":"ListItem","position":2,"name":"Shop","item":"https://www.abanicoscarbonell.com/en/shop/"},{"@type":"ListItem","position":3,"name":"PU0001"}]},{"@type":"WebSite","@id":"https://www.abanicoscarbonell.com/en/#website","url":"https://www.abanicoscarbonell.com/en/","name":"Abanicos Carbonell","description":"Fábrica Española de Abanicos con más de 200 años de historia","publisher":{"@id":"https://www.abanicoscarbonell.com/en/#organization"},"potentialAction":[{"@type":"SearchAction","target":{"@type":"EntryPoint","urlTemplate":"https://www.abanicoscarbonell.com/en/?s={search_term_string}"},"query-input":{"@type":"PropertyValueSpecification","valueRequired":true,"valueName":"search_term_string"}}],"inLanguage":"en-US"},{"@type":"Organization","@id":"https://www.abanicoscarbonell.com/en/#organization","name":"Abanicos Carbonell","url":"https://www.abanicoscarbonell.com/en/","logo":{"@type":"ImageObject","inLanguage":"en-US","@id":"https://www.abanicoscarbonell.com/en/#/schema/logo/image/","url":"https://www.abanicoscarbonell.com/wp-content/uploads/2018/06/logo-web-1.png","contentUrl":"https://www.abanicoscarbonell.com/wp-content/uploads/2018/06/logo-web-1.png","width":156,"height":126,"caption":"Abanicos Carbonell"},"image":{"@id":"https://www.abanicoscarbonell.com/en/#/schema/logo/image/"},"sameAs":["https://www.facebook.com/abanicoscarbonell/","https://x.com/HandfanCarbonel","https://www.instagram.com/abanicos_carbonell/","https://www.pinterest.es/abanicarbonell/"]}]}</script>
<!-- / Yoast SEO plugin. -->

Fábrica Española de Abanicos con más de 200 años de historia
